(-2)/(-24))*2. Calculate the highest common divisor of 12 and p.
12
Suppose -31 - 4 = 5*n. Let x = n - -9. Calculate the highest common factor of 2 and x.
2
Suppose 30 = 5*n + 5*t, 3*n - 5*n = 4*t - 6. Suppose 4*q + 13 + n = k, 5*q - 40 = -k. What is the highest common factor of k and 270?
30
Let i be 6/(-39) + (-985)/(-65). Let y be (0 - 9/(-3)) + i. Let q be 268/3 - (-2)/3. Calculate the highest common factor of q and y.
18
Suppose -5*c = i - 104 - 97, 3*i - 3 = 0. Suppose u = -u + c. Calculate the greatest common factor of u and 30.
10
Let v(i) = i - 3. Let d be v(4). What is the greatest common divisor of 9 and d?
1
Let x(s) = -6*s + 38. Let w be x(-17). Calculate the highest common divisor of 105 and w.
35
Suppose -l - 72 = -2*c + 2*l, -214 = -5*c - l. Let m(d) = 16 + 3*d**2 - d**3 + d**2 - 18. Let y be m(2). Calculate the highest common divisor of y and c.
6
Let x be 4/2 + (12 - 7). What is the highest common factor of x and 4?
1
Let g be -1 + 0 + 81 + -10. Calculate the greatest common factor of 14 and g.
14
Let w(l) = -l + 8. Let p be w(10). Let n = 7 + p. What is the highest common factor of n and 20?
5
Let s be (-9)/(-27)*12/2. Calculate the highest common factor of 22 and s.
2
Suppose 7*r - 78 = 237. What is the greatest common factor of r and 30?
15
Suppose -4*v = -86 - 58. Suppose 0 = -5*j + 3*u + v, -4*j + 4*u + 28 = 2*u. Calculate the greatest common divisor of j and 42.
6
Suppose -4*k = -9*k + 20. Let d(n) = 2*n**2 + 6*n - 2. Let s be d(k). Calculate the highest common factor of 6 and s.
6
Let a be (-3)/(-4 + 3) - (3 + -34). Calculate the greatest common factor of a and 17.
17
Let j(n) = n**2 - 4*n + 2. Let w be j(4). Suppose 0 = w*b - 6. Calculate the greatest common divisor of 24 and b.
3
Suppose -3*h - 8 + 248 = 0. Let c(y) = y**3 - y**2 + y + 10. Let o be c(0). Calculate the highest common factor of h and o.
10
Let x be (24/(-1))/(1/(-2)). Suppose -5*t + t = -x. Suppose 0 = v + 3, -8*v + 3*v = -5*w + 315. What is the greatest common divisor of t and w?
12
Let y = 6 - 18. Let z be y/18 - (-1522)/6. Suppose -2*p - u + 48 = 0, 3*u = 4*p + u - 88. What is the highest common divisor of p and z?
23
Suppose 2*j + 57 - 501 = -4*d, -10 = -5*j. Calculate the greatest common factor of d and 10.
10
Let x = -4 - -7. Let w = -1 + x. Suppose -4*m + 54 = -z, 0*z = 4*m + 4*z - 64. Calculate the greatest common factor of m and w.
2
Let o = -20 + 12. Let s be 1 + (2 - 3) - o. What is the highest common factor of 8 and s?
8
Let l be (1 - 2) + -2 - 0. Let x be l/(9/(-12)) + 2. Suppose 2*k + 0*k = x. Calculate the highest common divisor of k and 27.
3
Let l be 42/(6*(-1)/(-4)). Suppose -3*k = 2*k + 15, 0 = 2*t - 4*k - 82. Suppose -2*g - 3*g + t = 0. What is the highest common factor of l and g?
7
Let v = 7 + -6. Let q be (0 - 9)*(v - 4). Let x(o) = -2*o**3 - 4*o**2. Let k be x(-3). What is the greatest common factor of k and q?
9
Let n = 0 - 22. Let s = n - -33. Calculate the greatest common divisor of 77 and s.
11
Let c be -1 + -3 + 23 + -1. Calculate the greatest common factor of c and 90.
18
Suppose w - 21 = -3*h, 3*h - h - 17 = -w. What is the highest common factor of 45 and w?
9
Let l = -16 - -35. Calculate the highest common divisor of 19 and l.
19
Suppose 435 - 167 = 2*p. Suppose -35 = q - p. What is the greatest common factor of 11 and q?
11
Suppose 0 = l - 0*l - 121. Calculate the highest common factor of 11 and l.
11
Let d = 4 + -8. Let o(c) = -3*c - 2. Let s(a) = -4*a - 3. Let l(p) = -7*o(p) + 6*s(p). Let n be l(d). Calculate the greatest common factor of n and 56.
8
Let n be -12 - -1 - (6 + -5). Let t = -4 - n. What is the greatest common divisor of 4 and t?
4
Let g = -116 + 143. Calculate the greatest common divisor of 3 and g.
3
Suppose 583 = 4*t - 217. What is the highest common factor of t and 25?
25
Let s = 24 + -15. What is the greatest common factor of s and 9?
9
Suppose -q - 36 = -3*q. Suppose v - 9 = a, -5*a = 3*v + v - q. Calculate the greatest common factor of 77 and v.
7
Let s be (16/(-12))/(1*(-4)/90). Calculate the highest common factor of s and 75.
15
Let d = 59 - 45. Calculate the highest common factor of 56 and d.
14
Let r(o) = -11*o + 9. Let m be r(0). What is the greatest common divisor of 27 and m?
9
Suppose 4*p - 105 = 127. Suppose 5*s - 153 = -p. Suppose -8*t = -3*t - 285. What is the greatest common divisor of t and s?
19
Suppose 5*b = -5*m + 410, -b - 257 = -5*m + 141. Calculate the highest common factor of 5 and m.
5
Let g(b) = b**3 - 3*b**2 + 5*b - 3. Let r be g(3). Let y(m) = -m**3 - 5*m**2 + 6*m + 6. Let s be y(-6). What is the highest common factor of s and r?
6
Suppose -33 = 2*z - 5*o, 5*o - 7 = -2*z + 10. Let i(p) = -p**3 - 5*p**2 - 4*p + 2. Let c be i(z). What is the greatest common factor of 8 and c?
2
Suppose -115 = 4*k - 2*d - 685, 4*d = 4*k - 576. Calculate the highest common factor of k and 94.
47
Let b(p) = p + 20. Let u be b(-9). What is the greatest common divisor of u and 99?
11
Let b(o) = o**3 + 12*o**2 - o. Let y be b(-12). What is the greatest common divisor of 132 and y?
12
Let s(b) = 5*b + 5. Let d be s(7). Suppose -4*q + 8 = -3*q - 2*j, 8 = q + 2*j. What is the greatest common divisor of q and d?
8
Suppose 3*v + 2*h + 1 + 3 = 0, -5*h = -4*v + 10. Suppose o = 4*k + 126, o = -v*o + 5*k + 130. What is the highest common factor of 11 and o?
11
Suppose -32 = -4*z + 4*w, 2*z = 5*w - 0*w + 28. Suppose -18 = -0*g - 2*g - 4*y, 3*g + z*y - 27 = 0. What is the greatest common factor of g and 6?
3
Suppose 0 = -4*j + 7 + 25. Suppose j = 2*l, l = -4*h - 4*l + 80. What is the greatest common factor of 3 and h?
3
Suppose 4*i - 1103 = -103. Suppose -2*c - i = 4*j - 668, 3*j = -2*c + 313. What is the greatest common divisor of j and 21?
21
Let v(a) = -3*a. Let t be v(-1). Let j = t + 9. Let r be (2/4)/((-2)/(-24)). What is the greatest common divisor of j and r?
6
Suppose 2*m - 1 - 19 = 0. Let i(j) = -3*j**2 + 6*j - 2. Let v be i(-5). Let n = -67 - v. Calculate the highest common factor of n and m.
10
Suppose -2*g + 432 = 5*f, -2*g = 2*f - f - 80. Calculate the greatest common factor of f and 22.
22
Let z = 39 - 23. Suppose 4*a = -z, -3*y = 2*y + 5*a - 30. What is the greatest common divisor of y and 20?
10
Suppose -161 + 1 = -5*h. Suppose -4*o - 8 + h = 0. Calculate the highest common divisor of o and 2.
2
Suppose 0*i = -3*i + 48. Suppose 32 = l + 4*h, -4*l + 126 = h - 2. What is the greatest common divisor of l and i?
16
Let n(x) = -2*x - 3. Let z be n(-3). Let g be (2 - z) + 42/3. Let q = -24 - -37. What is the greatest common divisor of q and g?
13
Suppose 5*r - 1132 = -4*z, 215 = r - 0*z - 3*z. Suppose -66 = 2*w - r. Let m = w - 31. Calculate the highest common factor of m and 12.
12
Suppose 0 = 3*r + 224 + 184. Let d = r + 190. Let n = -10 + 28. What is the greatest common factor of n and d?
18
Suppose 0*h + 4*h - i = 34, h - 18 = 5*i. What is the highest common factor of 4 and h?
4
Let r be (-3)/(-1) - (4 + -2). What is the highest common divisor of 2 and r?
1
Suppose 0 = -0*g + 5*g - 40. Calculate the greatest common factor of 8 and g.
8
Let n(r) = -r - 1. Suppose 5*x + 15 = g, 3*g - x - 2*x + 3 = 0. Let d be n(g). What is the highest common factor of d and 8?
4
Let t be 168/27 - 2/9. Let o be (-549)/(-36) - (-2)/(-8). Calculate the greatest common divisor of t and o.
3
Let c(w) = 7*w - 13. Let p be c(4). Suppose -5*b + 2 + 3 = 0, -4*x + 4*b + 16 = 0. What is the highest common divisor of p and x?
5
Suppose -3*i + 0*i - 4*c = -157, -2*c + 49 = i. Let n = i - 24. Calculate the highest common divisor of n and 5.
5
Let r = 44 - -20. Suppose 4*l = -0*l + 32. What is the greatest common divisor of l and r?
8
Let z(m) = 5*m + 2. Let a be z(5). Let x be a/15 + (-2)/(-10). Let r be 91/3 + x/(-6). What is the highest common factor of 75 and r?
15
Suppose 5*z = -3*p + 34, -3*z - 2*z + 30 = 5*p. Let o be (-192)/(-9) - 56/42. Calculate the greatest common factor of z and o.
4
Let w = -137 - 58. Let g = -87 - w. What is the greatest common divisor of g and 12?
12
Suppose 0 = -l + 6 + 6. Let d = 24 - l. What is the greatest common factor of 36 and d?
12
Let d = -1 - 0. Suppose -4*w = 3*s - 21, 0 = -3*s + 4 - 19. Let i be (w/(-1))/(d/5). What is the highest common divisor of 15 and i?
15
Let i be 664/(-72) 